*3. Calculate the remainder when 25 is divided by o(-1).
7
Calculate the remainder when 35 is divided by ((-8)/3)/((-20)/90).
11
Let b(u) = -2*u - 20. Let f(p) = 3*p + 40. Let o(x) = 5*b(x) + 3*f(x). Let l(m) = -7*m**3. What is the remainder when o(0) is divided by l(-1)?
6
Let s = -1 + 8. Suppose -2*r = 3*r. Suppose 5*v + 5*b - 80 = r, 4*b + 82 = 4*v + 2*b. Calculate the remainder when v is divided by s.
5
Suppose 7*j - 33 - 37 = 0. What is the remainder when 48 is divided by j?
8
Let l(q) = -2*q**2 - q. Let k be l(-3). Let x = 22 + k. What is the remainder when x is divided by 2?
1
Calculate the remainder when (47 - 0)/(31 - 30) is divided by (3/(-2))/((-3)/20).
7
Suppose -2 = -2*k - 10, -2*k - 38 = -3*l. What is the remainder when 18 is divided by l?
8
Suppose -4*t - f + 5 + 0 = 0, -t - 4*f - 10 = 0. Let j(v) = v + 1. Suppose 2*u = -d + 3, 0 = -u - 2*d + 3 - 0. What is the remainder when j(u) is divided by t?
0
Let t(k) = -k**3 + 14*k**2 - 12*k - 8. Calculate the remainder when 23 is divided by t(13).
3
Let k = -3 - -3. Suppose k*f - 3*f + 177 = 0. Let j(b) = 3*b**2 - b - 4. Calculate the remainder when f is divided by j(3).
19
Suppose 5 + 19 = -4*f. Let i(g) = -2*g - 7. Let x = -26 - -39. Calculate the remainder when x is divided by i(f).
3
Let b = 79 + -41. What is the remainder when b is divided by 1/((-3)/(-3)) + 7?
6
Let j = -23 + 41. What is the remainder when 51 is divided by j?
15
Let g = 85 + -36. Calculate the remainder when g is divided by (-4 + 3)/(3/(-51)).
15
Suppose 0 = 2*f - 6*f + 32. Let n = -42 + 72. Calculate the remainder when n is divided by f.
6
Suppose 5 = -5*k, z - 7 = -4*k + 2. Suppose -a + 4*w + z = 0, 3*a + 5*w = 4*a - 12. Let q = a - 5. Calculate the remainder when 23 is divided by q.
11
Let k be (2/2)/(3/(-21)). Let u be (-2)/(-7) - (-2)/k. Suppose -3*p = 12, -2*t + 4*p + 64 = -u*p. What is the remainder when t is divided by 13?
11
Calculate the remainder when (6 - 3)/((-6)/(-26)) is divided by 7.
6
Let r be (-6)/5*(-20)/8. Suppose 0 = y + r*y - 44. Let c(o) = -o**3 - 5*o**2 + 4*o + 8. What is the remainder when c(-6) is divided by y?
9
Suppose 4*z - 3*z - 41 = 0. What is the remainder when z is divided by 9?
5
Let z(i) = -3*i + 16. Calculate the remainder when z(-11) is divided by 13.
10
Let n(u) = u + 13. Let q(k) = k**2 + 10*k - 7. What is the remainder when n(-7) is divided by q(-11)?
2
Suppose -l = 3*t - 5*t - 10, 2*t + 2 = -l. What is the remainder when 5 is divided by l?
1
Suppose w - 224 = -3*y - 0*w, 0 = -y + 2*w + 63. What is the remainder when y is divided by 25?
23
Suppose 2*c - 5*c - 42 = 0. Let u = -7 - c. What is the remainder when 10 is divided by u?
3
Let n(p) = p**3 + 8*p**2 + 6*p + 8. Let w be n(-6). Suppose 3*t - 4*f = -t + w, -3*t + 45 = f. Calculate the remainder when 41 is divided by t.
13
What is the remainder when ((-128)/96)/((-1)/57) is divided by 41?
35
Let f(l) = l**3 + 12*l**2 - 18*l - 19. Let w be f(-13). Let p = -19 + w. What is the remainder when p is divided by 14?
13
Suppose -2*w + f - 12 = -6*w, 0 = -2*w + f. Suppose 4 = 4*j - m, -2*m = -w*j - m + 2. What is the remainder when j is divided by 1?
0
Let g = -79 + 138. Let p = -21 + 23. Suppose -p*t = -t - 20. What is the remainder when g is divided by t?
19
Suppose 2*u = 3*v + 5, -12 = v + 3*v. Let b(x) = x**3 + 5*x**2 + 4*x + 2. What is the remainder when 23 is divided by b(u)?
5
Suppose 0 = 3*i - 21 - 6. Calculate the remainder when 34 is divided by i.
7
Let k be -2 - ((-8)/2 + -2). Suppose -55 = -5*q - 2*t, -2*q + 4 = -3*t + 1. What is the remainder when q is divided by 54/10 + k/(-10)?
4
Let t = 89 - 58. Let x = 21 + -10. Calculate the remainder when t is divided by x.
9
Let p = -68 + 102. Calculate the remainder when 33 is divided by 8/(-16)*(0 - p).
16
Suppose 2*w - 4*w + 32 = 4*a, a - 4 = 0. What is the remainder when 13 is divided by (5/(-5))/((-1)/w)?
5
Let i = 13 + -9. Suppose -3*v + 2*v = -i. Suppose 0*c = v*c - 56. Calculate the remainder when 25 is divided by c.
11
Let t(p) = 6*p + 2. Calculate the remainder when 55 is divided by t(2).
13
Suppose -4*k = -5*s + 41, -6*k - 3*s - 42 = -k. Let o = 14 + k. Suppose 55 = -0*m + o*m. Calculate the remainder when m is divided by 4.
3
Let g(d) = d**3 + 14*d**2 + 10*d - 16. Let w(b) = -b + 65. Let q be w(0). Suppose 0 = -h + 6*h - q. What is the remainder when g(-13) is divided by h?
10
Suppose -s - s = -22. Suppose 3*i - s - 16 = 0. Let f(y) = -y**2 + 12*y - 11. What is the remainder when f(i) is divided by 6?
4
Let x = -24 + 39. What is the remainder when 42 is divided by x?
12
Let k = -1 - -6. Suppose c = k + 3. Let s(w) = 24*w**3 - 2*w**2 + 1. What is the remainder when s(1) is divided by c?
7
Let j(k) = k**2 + k - 1. Suppose -s = -4*s + 39. Calculate the remainder when s is divided by j(-3).
3
Let l = 51 - 46. Calculate the remainder when 13 is divided by l.
3
Let k = -66 + 80. What is the remainder when 53 is divided by k?
11
Suppose -4*h - 245 = -297. What is the remainder when 50 is divided by h?
11
Let g = -37 + 13. Let q = g + 30. Calculate the remainder when 17 is divided by q.
5
Let d(b) = b**3 + 5*b**2 - 8*b - 6. Let w be d(-5). Suppose -j + 102 = 5*h, -3*h + 41 = -4*j - w. What is the remainder when 39 is divided by h?
18
Calculate the remainder when ((-22)/4 - -5)*-44 is divided by 16.
6
Let m(r) = r**3 + 3*r**2 - 6*r - 2. Let l be 50/(-13) + (-2)/13. What is the remainder when 11 is divided by m(l)?
5
Let a(x) = x + 5. Let f be a(5). Suppose 5*r = 4*w - 3*w - 18, 3*r = 5*w - 68. Calculate the remainder when w is divided by f/(-4)*2/(-1).
3
Suppose 2*r - 420 = -3*r + 2*z, 435 = 5*r - 5*z. What is the remainder when r is divided by 28?
26
Suppose 8 = -3*b + 137. Let t(s) = 4*s**2 - 4*s + 3. Calculate the remainder when b is divided by t(2).
10
Suppose -x - w = -4*x + 264, 0 = 5*x - 2*w - 441. Suppose 5*v - 18 = x. What is the remainder when v is divided by 11?
10
Suppose -30*j - 93 = -31*j. What is the remainder when j is divided by 24?
21
Let y = -10 + 14. Let k = 0 + y. Suppose 2*q = 8 + k. Calculate the remainder when 17 is divided by q.
5
Calculate the remainder when 138 is divided by ((-14)/5)/((-1)/10).
26
Let u be (-8)/(-10)*5/2. Suppose 3*j = -2*y + 34, 6*j - u*j - y - 27 = 0. What is the remainder when 13 is divided by j?
5
Let u(g) = -3*g**3 - g**2 + 3*g + 1. Calculate the remainder when (0 + -28)/(4/(-4)) is divided by u(-2).
13
Suppose -4*p = 20, 152 = 4*l + p - 91. What is the remainder when l is divided by 16?
14
Let k = 111 - 68. Suppose -3*s + 36 = -3*t, 2*s = -5*t + 2*t + 19. Calculate the remainder when k is divided by s.
10
Suppose 0 = n + y - 15, 0 = -n + 3*y + 47 - 12. Let v = 4 - 2. Suppose v = -p + 61. Calculate the remainder when p is divided by n.
19
Suppose 3*m - 100 = -j + 28, 4*j - 512 = 3*m. Calculate the remainder when j is divided by 11.
7
Let r(q) = q**3 + q + 27. What is the remainder when r(0) is divided by 7?
6
Suppose -3*i - 8 = r, 5*r - 4 = -0*i - 4*i. Suppose 20 = r*w - 80. Suppose 0 = -c - 3*p + 18, -3*p = -4 - 5. What is the remainder when w is divided by c?
7
Let u(g) = g**3 - g**2 + 1. Let r be u(-1). Let s be r - -1 - (2 - 3). Calculate the remainder when 19 is divided by 5 - 1/(s/(-2)).
5
Suppose 0 = 2*j + 17 - 53. Let l be 2 + j/3 - 2. Suppose l = 3*p, -p + 15 = n + 1. Calculate the remainder when 45 is divided by n.
9
Suppose -3*u + u = -4*h + 132, -h + 3*u = -23. What is the remainder when 417 is divided by h?
32
Suppose -5*a = -2*a + 4*j - 531, 3*a - 546 = j. What is the remainder when a is divided by 23?
20
Let q = 178 + 254. Calculate the remainder when 52 is divided by (-5)/(-2)*q/40.
25
Let f be (3 - 3/1) + 3. Suppose -m + 40 = f*m. Calculate the remainder when 19 is divided by m.
9
Suppose 0 = 5*f + 4*x + 80, -5*f + 2*x + 3*x = 35. What is the remainder when 3 is divided by (-9)/f + (-1)/(-4)?
0
Suppose u + 2*u - 30 = 0. Let m = 41 + -3. What is the remainder when m is divided by u?
8
Let h(r) = -r**3 + 10*r**2 - 10*r - 13. Calculate the remainder when h(8) is divided by 20.
15
Let p = -20 + 45. Calculate the remainder when 72 is divided by p.
22
Calculate the remainder when 143 is divided by (-5*120/(-350))/((-2)/(-56)).
47
Let z = 100 + -62. What is the remainder when z is divided by 10?
8
Let s(r) = -r 